. Calculate u(-7).
-106
Let t(x) = -x**3 - 41*x**2 + 2766*x + 8960. Calculate t(38).
-8
Let w(a) = 29535*a**2 + 679314*a + 195. Calculate w(-23).
-12
Let a(i) = -i**3 - 42*i**2 + 82*i - 61. Give a(-43).
-1738
Let s(w) = -2268*w + 14521. What is s(8)?
-3623
Let s(m) = 6*m**3 - 509*m**2 - 87*m + 88. Give s(85).
-82
Let p(g) = 5*g**2 - 581*g + 20303. Determine p(38).
5445
Let i(g) = -40*g**2 - 92*g + 239. Give i(-8).
-1585
Let g(y) = y**2 - 3624*y - 1636182. Give g(-406).
-2
Let i(b) = 15*b**2 + 67*b + 302. Give i(-9).
914
Let o(z) = 4300066*z - 25800403. What is o(6)?
-7
Let t(x) = -2*x**3 - 75*x**2 - 58*x - 522. Determine t(-37).
255
Let g(v) = -v**3 - 16*v**2 + 544*v + 8704. Give g(-16).
0
Let p(s) = -s**3 - 45*s**2 + 134*s + 1274. Give p(-47).
-606
Let t(i) = -7*i**2 + 92*i + 194. Determine t(-2).
-18
Let l(f) = -4*f**3 - 1139*f**2 - 72849*f - 193. Determine l(-97).
1
Let c(k) = k**2 + 1659*k + 68. Give c(0).
68
Let v(u) = -u**3 - 53*u**2 - 238*u - 4320. What is v(-50)?
80
Let g(y) = -566*y + 144217. Calculate g(255).
-113
Let r(x) = -x**3 + 132*x**2 - 1109*x + 252. Determine r(123).
6
Let k(a) = -18*a**2 + 2978*a + 191. Give k(166).
-1469
Let q(t) = -16*t**3 + 2*t**2 - 5*t + 64. Give q(0).
64
Let u(n) = -26*n**3 - 127*n**2 + 12*n - 37. Calculate u(-5).
-22
Let q(w) = -6*w**2 - 248*w + 18. What is q(-40)?
338
Let s(i) = -i**2 + 460*i - 32758. Determine s(89).
261
Let u(x) = 2*x**2 - 326*x - 3308. Determine u(173).
152
Let f(b) = 4708*b + 33034. Determine f(-7).
78
Let u(a) = -344*a**2 - 1372*a - 2765. Give u(-2).
-1397
Let b(d) = 6*d**2 - 506*d - 4722. Determine b(-10).
938
Let a(d) = -3*d**2 - 4334*d - 51837. What is a(-12)?
-261
Let b(a) = -a**2 - 4291*a + 2326881. Give b(487).
-5
Let p(d) = 84*d + 3407. What is p(-51)?
-877
Let h(j) = -j**3 + 171*j**2 - 4797*j + 1278. Give h(35).
-17
Let l(t) = -582*t - 171678. Determine l(-295).
12
Let p(x) = x**3 + 16*x**2 + 35*x + 17. Give p(-1).
-3
Let k(z) = -4*z**3 - 103*z**2 - 163*z + 128. What is k(-24)?
8
Let r(d) = -430*d - 103597. Calculate r(-241).
33
Let p(z) = -z**3 + 15*z**2 - 43*z + 540. Determine p(11).
551
Let p(l) = -23288*l - 209593. Give p(-9).
-1
Let q(n) = 16*n**3 - 109*n**2 - 18*n - 13. Calculate q(7).
8
Let y(r) = r**3 + 735*r**2 - 5195*r - 761. Calculate y(-742).
-19
Let f(x) = 501*x**2 - 336*x - 163. Give f(1).
2
Let n(b) = 3*b**2 + 5346*b - 32039. Give n(6).
145
Let r(s) = -83*s**2 - 8899*s + 16085. What is r(-109)?
-47
Let x(u) = -u**2 - 131*u + 1725. What is x(12)?
9
Let y(v) = 2*v**2 + 1166*v + 52839. Give y(-47).
2455
Let r(y) = y**3 - 11*y**2 - 27*y - 354. What is r(14)?
-144
Let t(x) = 2*x**3 + 13*x**2 - 13*x + 48. Give t(6).
870
Let p(s) = -s**3 + 15*s**2 + 1150*s - 9478. Calculate p(8).
170
Let n(a) = -1103*a + 349573. Calculate n(317).
-78
Let c(d) = -3*d**3 + 15*d**2 + 23*d - 85. What is c(8)?
-477
Let o(i) = -6253*i + 25010. Give o(4).
-2
Let m(c) = -3*c**3 + 137*c**2 + 2242. Determine m(46).
126
Let d(h) = 1547*h - 95683. Calculate d(62).
231
Let v(w) = -3*w**2 + 128*w - 1393. Calculate v(16).
-113
Let i(y) = 13632*y + 299951. Determine i(-22).
47
Let a(p) = -20368*p + 4073598. What is a(200)?
-2
Let c(x) = x**3 - 32*x**2 - 47*x - 2614. Give c(35).
-584
Let p(f) = 292*f + 67167. Determine p(-230).
7
Let p(y) = -225*y**2 - 999*y + 561. Give p(-5).
-69
Let w(g) = 383*g - 27271. Determine w(69).
-844
Let f(q) = q**3 - 383*q**2 + 25754*q - 562. What is f(296)?
30
Let k(h) = 4462*h - 1392123. What is k(312)?
21
Let x(s) = 14*s**2 + 1547*s - 5631. Give x(-114).
-45
Let s(d) = -d**2 + 256*d - 14356. What is s(173)?
3
Let w(b) = 1229*b + 444887. Determine w(-362).
-11
Let q(r) = 5*r**3 + 41*r**2 + 1622*r + 12910. Calculate q(-8).
-2
Let d(q) = -3*q**3 - 1949*q**2 - 3357*q - 75817. Determine d(-648).
-1
Let k(u) = 177*u**3 + 9*u**2 + u + 4. What is k(-2)?
-1378
Let j(p) = 2*p**3 - 176*p**2 + 152*p + 1769. Determine j(87).
-145
Let q(h) = h**3 + 117*h**2 + 3653*h + 239309. What is q(-104)?
5
Let t(z) = -7*z**2 - 83*z + 19452. What is t(-59)?
-18
Let w(g) = 9*g**3 - 28*g**2 - 111*g - 68. What is w(-4)?
-648
Let f(b) = b**3 - 9*b**2 - 73381*b + 587125. What is f(8)?
13
Let l(n) = 3129*n + 68453. Determine l(-22).
-385
Let l(c) = 90*c**2 - 882*c + 797. What is l(1)?
5
Let k(f) = 1720*f + 1178415. What is k(-685)?
215
Let g(w) = -3*w**2 - 4245*w - 695138. Determine g(-1226).
4
Let x(z) = 154492*z + 617990. What is x(-4)?
22
Let r(k) = -626*k**2 + 6260*k + 16. Determine r(10).
16
Let c(v) = 3*v**2 + 827*v + 23645. What is c(-244)?
465
Let x(k) = 3*k**2 + 272*k + 1899. Determine x(-83).
-10
Let t(j) = -38555*j + 77061. What is t(2)?
-49
Let m(o) = -11980*o**2 - 203664*o + 42. Calculate m(-17).
110
Let v(x) = -543*x + 128812. What is v(240)?
-1508
Let l(x) = 89*x**2 - 13*x - 59. Determine l(-1).
43
Let l(z) = 1387*z - 4952. What is l(4)?
596
Let f(k) = -k**3 + 46*k**2 - 16*k - 1428. Determine f(45).
-123
Let u(i) = i**3 + 9*i**2 - 45*i - 206. What is u(-8)?
218
Let k(j) = -78*j - 5660. Give k(-89).
1282
Let b(i) = -8*i**2 + 28130*i + 594256. Give b(-21).
-2
Let k(m) = m**2 - 31234*m - 1501539. Give k(-48).
-3
Let u(w) = -100089*w + 800639. Calculate u(8).
-73
Let z(r) = 21670*r + 303341. Determine z(-14).
-39
Let c(f) = -47*f - 2057. Give c(-41).
-130
Let j(u) = -174*u**2 + 329*u - 15. Determine j(2).
-53
Let n(m) = -4*m**2 - 2322*m + 23704. Give n(10).
84
Let r(y) = 18262*y - 474832. Calculate r(26).
-20
Let n(s) = s**2 + 1160*s - 205287. What is n(156)?
9
Let o(g) = -10*g**2 + 1919*g + 199. Determine o(192).
7
Let v(z) = -z**3 - 670*z**2 + 1317*z - 18164. Calculate v(-672).
-20
Let x(c) = -c**3 - 38*c**2 + 583*c + 24072. Give x(-35).
-8
Let y(v) = -40116*v + 201250. Give y(5).
670
Let n(x) = -x**2 + 6039*x - 96278. What is n(16)?
90
Let q(r) = 2*r**3 + 119*r**2 - 1796*r - 109295. What is q(-59)?
150
Let f(a) = 794*a + 44779. Give f(-58).
-1273
Let d(y) = -5*y**3 - 2251*y**2 + 1797*y - 3157. Determine d(-451).
0
Let i(k) = 10*k**2 - 2831*k - 5667. Give i(-2).
35
Let f(s) = 12914*s + 26087. Give f(-2).
259
Let o(j) = -2808*j**2 + 539143*j - 1342. Determine o(192).
2
Let q(v) = 121*v + 1138. Calculate q(-9).
49
Let g(c) = -2*c**3 - 84*c**2 - 108*c - 1048. Calculate g(-41).
18
Let a(g) = -2151*g + 385045. Give a(179).
16
Let d(r) = 1071*r - 6390. What is d(6)?
36
Let v(g) = -g**3 - 198*g**2 - 1695*g + 1104. Determine v(-189).
-30
Let t(j) = -j**3 - 253*j**2 - 12*j - 3047. What is t(-253)?
-11
Let n(r) = r**3 + 99*r**2 + 1932*r + 2481. What is n(-73)?
-1
Let m(v) = 17886*v - 17983. What is m(1)?
-97
Let v(u) = u**3 + 20*u**2 + 101*u + 3808. What is v(-23)?
-102
Let i(c) = c**3 + 26*c**2 + 648*c + 15175. What is i(-24)?
775
Let a(o) = 2*o**3 + 1295*o**2 - 4481*o + 49457. Give a(-651).
-19
Let y(n) = -740*n - 2972. What is y(-4)?
-12
Let j(o) = -1109*o + 6102. Calculate j(6).
-552
Let o(z) = 288*z**2 + 6335*z - 13. What is o(-22)?
9
Let m(l) = -5*l**3 + 5*l**2 + 72*l + 303. Determine m(8).
-1361
Let k(t) = -9053*t + 45688. Give k(5).
423
Let g(u) = -32*u**3 + 2160*u**2 + 1088*u - 1. Determine g(68).
-1
Let y(b) = -b**2 - 125*b - 533. Give y(-4).
-49
Let i(y) = -867*y + 81644. Give i(95).
-721
Let u(g) = 6*g**3 + 117*g**2 - 594*g + 69. What is u(4)?
-51
Let w(s) = -3*s**3 + 4730*s**2 + 1558*s + 29954. Calculate w(1577).
-9
Let n(m) = -m**3 - 208*m**2 - 4902*m - 2774. What is n(-181)?
-59
Let t(b) = 2*b**2 + 206*b - 9991. Give t(38).
725
Let k(h) = h**3 - 72*h**2 + 278*h - 9707. What is k(70)?
-47
Let q(c) = -c**3 + 16*c**2 + 76*c + 92. Calculate q(20).
12
Let c(j) = 3330*j - 236437. Calculate c(71).
-7
Let o(m) = -8060*m - 1217057. Calculate o(-151).
3
Let r(t) = -17199*t - 515623. Give r(-30).
347
Let w(g) = 706*g**2 - 2117*g - 13. Calculate w(3).
-10
Let l(t) = 2*t**2 + 6804*t + 13599. Determine l(-2).
-1
Let q(n) = -2*n**2 + 779*n - 7547. Give q(10).
43
Let p(u) = 97*u**2 - 353*u - 698. Determine p(-2).
396
Let j(q) = -43*q + 3545. What is j(52)?
1309
Let h(t) = 16*t**2 - 6641*t + 668907. Calculate h(172).
-1
Let a(g) = g**3 + 18*g**2 + 88*g + 915. Determine a(-16).
19
Let f(w) = -6*w**2 - 1629*w + 9810. Give f(6).
-180
Let z(b) = -48*b - 5252. Determine z(-107).
-116
Let p(f) = -f**3 - 416*f**2 + 3393*f - 1. What is p(8)?
7
Let z(v) = -336*v + 46971. Determine z(140).
-69
Let y(b)